-4*f**2 + f + i*f**2 + 3 + f**3 - f**2 - 4*f**2 + 0*f. Give c(z).
-9
Let v(i) be the first derivative of 199 - 5/3*i**3 + 8*i - 1/4*i**4 + 7/2*i**2. Calculate v(-6).
2
Let q(x) = -x**2 - 14*x - 50. Let z be q(-8). Let d(c) = 2*c + 12. Determine d(z).
8
Let a(l) = l**2 - 12*l. Suppose 311 = -10*v + 431. Calculate a(v).
0
Suppose y - 54 = -f, 0 = -67*y + 60*y - 5*f + 388. Suppose 4*b = 8*b - 220. Let g = y - b. Let a(l) = -l**3 + 4*l**2 + 2*l - 2. Calculate a(g).
6
Let y(d) = -d - 3. Suppose 150 = -861*k + 831*k. Give y(k).
2
Let c(h) = -h - 2. Let x(o) = -2*o + 4. Let d be x(0). Suppose -l = 3*l + 2*y + 22, -d*y = -5*l - 21. Determine c(l).
3
Suppose -13 = -3*y + 2*q, 29 + 1 = 5*y - 5*q. Let b(m) = -y + 4*m + 3*m - 5*m - m. Let d = 3 - 3. Determine b(d).
-1
Let s(c) be the first derivative of -c**3/6 + c**2/2 - 81*c - 61. Let d(i) be the first derivative of s(i). What is d(-5)?
6
Suppose 3*b - 113 = -2*g, 0 = -b + 7*g - 8*g + 39. Let x be ((b/25)/(-7))/(-1)*5. Let d(n) = 7*n**3 - n**2 + 2*n - 1. Give d(x).
7
Let q(l) = 2*l**2 - 53*l - 748. Let v be q(-10). Let j(b) be the first derivative of -b**4/4 - 17*b**3/3 + 9*b**2 - 4*b - 1. Give j(v).
-4
Let o(t) = -3*t**3 - 4*t**2 - 12*t - 13. Let f = 103 - 108. Let c be o(f). Let s(j) = -4*j - 315 + c + 2*j. Calculate s(5).
-3
Let z(t) = -5*t. Let r(j) = -j**2 - 11*j + 8. Let d = 264 - 276. Let m be r(d). Give z(m).
20
Let v(b) = -b**2 + 3*b + 3. Let j(w) = -12*w**2 + 2*w + 1. Let m be j(-1). Let k be ((-16)/(-10))/(m/((-325)/10)). Determine v(k).
-1
Let y be (3 - 1) + 500/20 + -3. Suppose 5*w = -5*q - 15, q = -q + 4*w + y. Let g(d) = -3*d**2 + 2*d + 2. Give g(q).
-6
Let i(d) = 2*d - 8. Let t = 1038 + -1028. Give i(t).
12
Let y(s) = -s**2 + 0 + 5*s - 12*s + 0. Let p be -1 + (-174)/(-6) - (-1 - 1). Let i be (185/p - 6) + (-31)/6. Give y(i).
10
Let f(t) = 11*t**3 - 17*t**2 + 12*t - 10. Let u(w) = -9*w**3 + 16*w**2 - 12*w + 9. Let i(r) = -4*f(r) - 5*u(r). Give i(11).
6
Let v = -42 + 65. Let y = -17 + v. Let k(x) = x**3 - 5*x**2 - 11*x + 11. Let p(o) = -2*o + 2. Let g(r) = -k(r) + 2*p(r). What is g(y)?
-1
Let m = -24223/24 - -3028/3. Let x(b) be the third derivative of 0*b + 0 - 7*b**2 + m*b**4 - 2/3*b**3. Determine x(-7).
-11
Let t(o) = o**2 + 6*o - 6. Let y = -162 + 168. Suppose -2*w + 0*w + 24 = -4*i, i + 4*w + y = 0. Give t(i).
-6
Let y be (23/23)/((3/(-2))/(-3)). Suppose 3*t - y*q = -0*q - 13, 0 = 5*t - q + 17. Let m(o) = o - 1. Give m(t).
-4
Let x be 9 + 11 - (3 + 2). Suppose 5*u = -5*r, 0 = -3*u - 0*r + 4*r + 21. Suppose -u*k + 10 = -y, k - x = -y - k. Let t(a) = -2*a + 3. Calculate t(y).
-7
Let x(w) = 37*w**3 - 27*w**2 + w + 64. Let z(c) = -13*c**3 + 9*c**2 - 22. Let t(m) = -6*x(m) - 17*z(m). Determine t(8).
6
Let w(x) = -2*x**3 + 6*x - 6. Let c be w(1). Let p(q) = -4*q**2 - 5*q - 7. Determine p(c).
-13
Let n(v) = 13942*v**2 - 4648*v**2 - 4 - 4649*v**2 + 2*v - 4644*v**2. Let a(u) = u + 2. Let g be a(-4). Let m = -7 - g. Determine n(m).
11
Let o(d) = -42*d**2 - 6*d + 5. Let g = -8544 + 8545. What is o(g)?
-43
Let w(x) = -2*x**2 - 15*x - 15. Let f = 6887 + -6893. Calculate w(f).
3
Let g(r) = -5*r + 6. Suppose -14*m + 28 = -2*t - 11*m, 0 = -4*t + 4*m - 40. Give g(t).
16
Let v(b) be the first derivative of -1/3*b**3 + 19*b - 34 - 9/2*b**2. Let s(g) be the first derivative of v(g). Calculate s(7).
-23
Let p = 6497 - 3306. Let j(w) = w**2 + 3183 - p - w + 4*w. Calculate j(-6).
10
Let q(z) = 4*z**3 + 3*z**2 - z. Let u(t) = t**3 + 2*t**2 + 55*t + 112. Let o be u(-2). Calculate q(o).
42
Let l(x) = 2*x**3 - 38*x + 11*x - 3*x**2 + 9 - 3*x**3 + 2*x**3 + 16*x. Determine l(5).
4
Let v be ((-3)/2)/((-14)/(-28)). Let w(c) = c**2 + 3*c + 18. Let y be w(-7). Let k(u) = -u**3 + 49 - 92 + 0*u**2 - 4*u**2 + y - 3*u. Calculate k(v).
3
Suppose 0 = -2*l - 10*l + 84. Let i(h) = 77*h**3 + 9 - 151*h**3 + 73*h**3 + l*h - 5*h**2. Give i(-6).
3
Let c(u) be the first derivative of 2*u**3/3 - 5*u**2/2 - 4*u - 1754. Calculate c(-1).
3
Let m(r) = 7*r**2 + 34*r + 6. Let q = 31798 - 31802. Determine m(q).
-18
Let b(d) = -167*d + 346. Let w be b(2). Let y(i) = -29 + 5*i - 2*i - i. Calculate y(w).
-5
Suppose -n - 183 - 168 = 0. Let q = n + 359. Let m(g) = 2*g - 9. What is m(q)?
7
Let h(l) = -3*l + 8. Let m = -263 - -316. Suppose 31 = 14*f - m. Give h(f).
-10
Let x(v) = 918*v**3 + 909*v**3 - 1826*v**3 - 14*v + 4 + 11*v**2. Give x(-12).
28
Let p be (-3)/2*30/45. Let s(f) = -3*f - 9. Let u be s(-3). Let w be (p - -7 - u) + 0. Let a(r) = -r**2 + 4*r - 4. Determine a(w).
-16
Let y = -59 - -57. Let x(o) = -7*o**2 + 5. Let u(v) = 10*v**2 - v - 4. Let p(a) = y*u(a) - 3*x(a). Calculate p(-3).
-4
Suppose -5*u + 0*u + 5 = 0. Let f(v) be the third derivative of -v**6/24 + v**3/6 - 17*v**2 + 1206*v + 1. Calculate f(u).
-4
Let g(y) be the second derivative of y**5/20 + y**4/24 - y**3/3 + 34*y**2 + 58*y. Let u(n) be the first derivative of g(n). Calculate u(-2).
8
Suppose 30*v - 644 = 37*v. Let j = v + 90. Let r(m) be the second derivative of 5*m**3/6 + m**2 - 3*m. Calculate r(j).
-8
Let k(j) = -23*j**2 - 2*j + 11. Let r(n) = 8*n**2 - 5. Let i(o) = -6*k(o) - 17*r(o). What is i(-2)?
3
Suppose 14*w = -3*w + 191 + 438. Let g(l) be the first derivative of -11/2*l**2 + w - 3*l. Calculate g(-2).
19
Let k be 12/(-3)*(-81)/36. Let q be (-52)/234 - 52/k. Let j(m) = -m - 237 + 238 + 2*m. Determine j(q).
-5
Let i(b) = 21*b**2 - 6*b - 37. Let k(g) = 34*g**2 - 10*g - 61. Let a(d) = 13*i(d) - 8*k(d). What is a(-6)?
31
Let x = 220 - 163. Let c(y) = 2 - 4 + 28*y + 26*y - x*y. Calculate c(3).
-11
Let c = -23 + 32. Let o(z) = 4986*z - 1669*z + 10 - 1659*z - 1663*z. What is o(c)?
-35
Let p = 729 + -744. Let r(h) = -9*h - 123. What is r(p)?
12
Suppose -3*k = -18, -2*k = -5*g - 19 - 8. Let l(o) be the second derivative of o**5/20 + o**4/12 - o**3/3 - o. What is l(g)?
-12
Let i(y) = -7*y + 193. Let j(c) = 6*c - 118. Let z(a) = 2*i(a) + 3*j(a). Give z(-8).
0
Suppose -799743*a + 799764*a - 126 = 0. Let m(f) = 2*f + 8 - 2*f**2 + f**3 - 4*f**2 - f. Calculate m(a).
14
Let f(i) = i**3 + 6*i**2 - 2*i - 4. Let n be (110/(-88))/(9/36). Give f(n).
31
Suppose 0 = -2*r - 5*b + 21, b = -r - 3*b + 15. Suppose -r*o = -2*o + 5. Let s(u) = -142 - 3*u - 141 + 2*u + 279. What is s(o)?
1
Let d(l) be the first derivative of -l**4/4 + 5*l**3 - 11*l**2/2 - 47*l - 291. What is d(14)?
-5
Let z(y) be the third derivative of y**6/120 - 9*y**5/20 + 175*y**4/24 + 11*y**3/6 - 7988*y**2. What is z(16)?
-5
Let u(q) be the first derivative of q**4/12 - q**3/6 - 11*q + 16. Let h(f) be the first derivative of u(f). Let i = -64 - -67. Give h(i).
6
Let c be ((-9)/(-3))/3*1. Let x be 0/c - 2 - 57/19. Let o(r) = -10*r - 9. Let z(j) = -3*j - 3. Let i(f) = -2*o(f) + 7*z(f). Give i(x).
2
Let d(w) = 5*w - 2*w + 7 + 9 + 1. Let h = -1675 + 1668. What is d(h)?
-4
Let n(q) = 2*q + 16 - 14 - 24 - 4*q. Let v be n(-12). Let l(k) = k**3 + k - 15*k + 8 + 25*k + 9*k**v. Calculate l(-8).
-16
Let d(i) = -14*i**2 + 18*i - 3*i + 194 - 194 + 13*i**2. Determine d(12).
36
Let v(n) = 3*n**2 + 2*n**2 + 20*n + n**3 + 6 - 15*n + 0*n. Give v(-5).
-19
Let k(a) = 0 + 1 - 3*a**2 - 5*a + 5*a**2. Let q(f) = 57*f - 149. Let o(z) = 19*z - 49. Let h(t) = 17*o(t) - 6*q(t). Let n be h(3). Determine k(n).
13
Let d(f) be the third derivative of f**7/5040 - f**6/720 + 293*f**5/60 - f**4/24 + 260*f**2. Let q(r) be the third derivative of d(r). Give q(1).
0
Let c(v) = 11*v**2 + 3*v + 13. Let p(q) = 15*q**2 + q + 15. Let o(s) = -4*c(s) + 3*p(s). Calculate o(10).
3
Let b(z) = -15*z - 8. Let d(q) = 15*q + 17. Let w(p) = 3*b(p) + 4*d(p). Give w(-3).
-1
Let p be (-1)/(-4) - 81/(-12). Let d(i) be the first derivative of -i**3/3 + 4*i**2 - 6*i - 905. What is d(p)?
1
Suppose -4*z - 12 = -10*z. Let s(c) = c**3 + 19*c - 3*c**z + 23*c + 3 - 46*c. Suppose -4*n = -19 + 7. Determine s(n).
-9
Let x(b) be the first derivative of -1/4*b**4 + 2/3*b**3 + 1/2*b**2 - b - 19. Suppose 3*s = s - 4. Calculate x(s).
13
Let u = 267 + -186. Suppose -29 + u = -4*x. Let b = -17 - x. Let w(n) = n + 3. What is w(b)?
-1
Let c(y) = -y**3 - 6*y**2 + 11*y + 26. Let x(d) = -7*d**3 + 14*d**2 - 15*d + 1. Let h be x(1). Calculate c(h).
-2
Suppose 4 + 87 = -20*o - 69. Let l(j) = 3*j + 35. Calculate l(o).
11
Let g be (-133323)/25729 - (9/11 + -1). Let f(v) = 2*v**2 - 2*v + 13. What is f